termine y(-1).
1
Let p(b) = b**2 - 13*b - 171. Determine p(-9).
27
Let x(g) = 16*g + 124. What is x(-7)?
12
Let q(j) = 2*j**2 - 101*j + 44. What is q(50)?
-6
Let z(k) = -k**3 - 23*k**2 - 23*k - 11. Give z(-22).
11
Let n(w) = w - 30. Give n(-12).
-42
Let c(w) = w**3 - 3*w**2 + w - 8. Calculate c(2).
-10
Let s(h) = 2*h + 43. Give s(-19).
5
Let y(p) = -16*p - 117. Calculate y(-7).
-5
Let z(r) = -r + 59. Calculate z(16).
43
Let n(s) = 70*s - 348. Calculate n(5).
2
Let t(y) = -13*y**2 - 15*y - 14. Calculate t(-1).
-12
Let c(b) = 9*b**2 - 109*b + 5. Determine c(12).
-7
Let t(a) = -6*a + 13. Calculate t(6).
-23
Let j(b) = -b**3 + 4*b**2 - 10*b + 33. Calculate j(3).
12
Let q(j) = -26*j - 152. Give q(-6).
4
Let k(v) = -2*v + 14. Determine k(-17).
48
Let t(p) = -22*p**2 + 8*p + 5. What is t(-2)?
-99
Let w(r) = 3*r**2 - 51*r + 224. Determine w(9).
8
Let q(a) = a**2 - 11*a + 11. Give q(12).
23
Let k(m) = 3*m**2 + 10*m. Calculate k(-2).
-8
Let l(s) = 2*s**2 + 7*s - 8. Give l(-4).
-4
Let w(z) = -z**2 - 6*z + 8. What is w(-7)?
1
Let m(g) = g**2 + 20*g + 71. Give m(-14).
-13
Let a(s) = -3*s - 4. What is a(5)?
-19
Let f(m) = m**3 + 9*m**2 + 17*m - 7. Calculate f(-6).
-1
Let j(w) = w**3 - 6*w**2 - w + 1. Determine j(6).
-5
Let r(u) = -u + 27. Calculate r(8).
19
Let l(o) = o**2 - 8*o - 7. Calculate l(7).
-14
Let f(y) = 24*y - 188. What is f(6)?
-44
Let y(p) = -3*p + 68. Determine y(19).
11
Let l(p) = -p**3 + 10*p**2 + p - 10. Determine l(10).
0
Let d(v) = v - 6. Calculate d(5).
-1
Let x(k) = k**3 + 40*k**2 - 85*k - 42. What is x(-42)?
0
Let q(k) = k**2 - 16*k + 69. Determine q(0).
69
Let k(w) = -w**3 - 10*w**2 - 21*w - 47. Determine k(-8).
-7
Let n(b) = -4*b**2 + 44*b + 6. Give n(11).
6
Let k(x) = -x - 14. Give k(-10).
-4
Let s(f) = f**3 + f**2 + 7*f - 11. Give s(0).
-11
Let v(r) = 3*r**3 + 2*r**2 - 4*r - 5. What is v(-2)?
-13
Let j(l) = l**2 - 10*l + 3. Determine j(8).
-13
Let n(r) = -2*r**2 - 20*r. Calculate n(-10).
0
Let f(o) = 15*o - 74. Calculate f(4).
-14
Let v(c) = -81*c - 245. Calculate v(-3).
-2
Let f(a) = -a**3 + 5*a**2 - a - 17. Give f(4).
-5
Let d(q) = 2*q**2 - 19*q - 30. Determine d(12).
30
Let q(j) = -j**3 + 17*j**2 + j - 14. Determine q(17).
3
Let g(j) = j + 7. Give g(-10).
-3
Let l(d) = -2*d**2 - 5*d - 1. What is l(4)?
-53
Let t(x) = 5*x - 5. Determine t(2).
5
Let s(n) = -2*n + 42. Determine s(34).
-26
Let b(m) = -m**3 - 19*m**2 - 16*m + 11. Give b(-18).
-25
Let m(r) = 6*r + 2. Calculate m(0).
2
Let o(x) = -x**2 + 3. Give o(4).
-13
Let d(o) = 4*o - 7. Give d(3).
5
Let y(q) = 8*q**2 - 8*q + 5. Calculate y(1).
5
Let q(r) = -r**2 - 24*r - 10. What is q(-11)?
133
Let f(y) = y**3 - 6*y**2 - 29*y + 20. Give f(9).
2
Let i(d) = -27*d - 892. Calculate i(-33).
-1
Let s(g) = g**3 - 7*g**2 + 9*g + 14. What is s(5)?
9
Let f(u) = u**2 + 9*u - 3. Give f(-7).
-17
Let z(n) = 25*n - 622. Determine z(25).
3
Let t(m) = -m**3 + 12*m**2 - 10*m + 21. Calculate t(11).
32
Let j(u) = 2*u**2 + 35*u + 15. Give j(-8).
-137
Let t(j) = -j**2 + 2. What is t(-4)?
-14
Let m(d) = 12*d**2 + d. Determine m(1).
13
Let x(d) = d**2 - 3*d - 39. Calculate x(0).
-39
Let t(v) = 4*v**2 + 2. Give t(1).
6
Let i(r) = -3*r - 25. Calculate i(-11).
8
Let y(b) = -b**2 + 17*b - 41. Determine y(17).
-41
Let r(q) = -q**3 + 10*q**2 - 19*q + 10. Give r(8).
-14
Let d(j) = -j**3 - 5*j**2 + j - 3. Give d(-4).
-23
Let y(o) = 9*o + 93. What is y(-10)?
3
Let r(p) = p**2 + p - 1. Determine r(1).
1
Let p(d) = -d**2 - 8*d + 8. Determine p(-7).
15
Let a(l) = l**2 - 11*l - 16. Calculate a(11).
-16
Let a(d) = -d**3 - 16*d**2 - 30*d - 30. Give a(-14).
-2
Let j(n) = -3*n - 38. Give j(-13).
1
Let x(i) = 3*i**2 + 7*i - 4. Give x(-4).
16
Let r(x) = x**3 + 11*x**2 - 2*x - 13. Determine r(-11).
9
Let t(b) = 3*b + 16. Calculate t(-5).
1
Let k(c) = c**3 + 29*c**2 + 27*c - 24. Give k(-28).
4
Let h(a) = -8*a**3 + 2*a**2 - 2*a + 1. Give h(1).
-7
Let j(u) = -21*u + 340. Determine j(18).
-38
Let o(y) = y**2 - 3*y + 5. Calculate o(4).
9
Let d(x) = x**3 + 3*x**2 - 49. Give d(0).
-49
Let v(y) = 2*y**2 + 63*y + 86. What is v(-30)?
-4
Let f(j) = j**2 + 11*j + 11. Determine f(-8).
-13
Let q(p) = p**3 - 24*p**2 + 25*p - 52. Give q(23).
-6
Let b(g) = -g**3 - 42*g**2 - 78*g + 92. Give b(-40).
12
Let y(k) = k - 62. What is y(23)?
-39
Let t(l) = l**3 - 17*l**2 + 20*l - 6. Give t(16).
58
Let o(u) = u**3 + 4*u**2 - u. Calculate o(-5).
-20
Let b(s) = s**3 + 3*s**2 + 3*s. What is b(-3)?
-9
Let t(r) = 58*r - 339. What is t(6)?
9
Let c(n) = n + 20. Calculate c(-5).
15
Let n(z) = z**3 - 3*z - 12. What is n(3)?
6
Let m(s) = s**2 - 9*s + 73. Determine m(0).
73
Let c(u) = u**3 + 8*u**2 + 2*u + 4. Calculate c(-8).
-12
Let z(c) = c**2 - 3*c - 1. What is z(4)?
3
Let q(p) = -2*p + 46. Give q(21).
4
Let s(j) = -j**3 + 3*j**2 + 2*j - 1. Calculate s(3).
5
Let h(d) = -d**3 - 6*d**2 - 3*d + 5. Give h(-4).
-15
Let g(n) = -31*n + 205. What is g(6)?
19
Let q(k) = -k**3 - 15*k**2 + 22*k + 69. Calculate q(-16).
-27
Let n(v) = -v + 1. Determine n(7).
-6
Let v(r) = r**3 - r**2 - r. Give v(-1).
-1
Let x(a) = -a - 1. Determine x(8).
-9
Let m(f) = -4*f + 22. Determine m(4).
6
Let t(f) = -33*f + 195. Determine t(5).
30
Let u(h) = h + 12. Calculate u(6).
18
Let x(j) = 2*j**2 + 2*j + 1. Determine x(1).
5
Let r(i) = 2*i - 34. Give r(18).
2
Let t(f) = 6*f**2 + 6*f + 5. Calculate t(-2).
17
Let y(h) = -6*h + 44. Calculate y(6).
8
Let n(k) = -k + 28. What is n(0)?
28
Let a(k) = -k**3 + 6*k**2 - 6*k + 10. Give a(5).
5
Let t(d) = -32*d + 1. What is t(-2)?
65
Let k(a) = 5*a + 13. Give k(-2).
3
Let n(z) = -z**3 + 12*z**2 + 27*z + 5. Give n(14).
-9
Let n(v) = 239*v + 728. Calculate n(-3).
11
Let f(g) = 2*g + 2. What is f(-4)?
-6
Let v(s) = -4*s**3 - 11*s**2 - 10*s + 1. Give v(-2).
9
Let x(i) = 9*i**2 - 93*i + 21. Calculate x(10).
-9
Let t(b) = b**2 - 11*b + 9. Calculate t(13).
35
Let j(f) = 6*f + 29. Determine j(-22).
-103
Let q(h) = 45*h - 5. Give q(0).
-5
Let g(z) = 10*z + 4. Give g(6).
64
Let v(u) = 7*u**2 + 6*u + 5. What is v(-3)?
50
Let g(l) = 87*l + 7. What is g(-1)?
-80
Let w(g) = -g**3 + 21*g**2 - 37*g - 30. What is w(19)?
-11
Let d(i) = -9*i + 14. Give d(4).
-22
Let j(y) = y - 38. Give j(44).
6
Let f(s) = 2*s - 18. Determine f(5).
-8
Let w(p) = -p**2 - 9*p + 16. Give w(2).
-6
Let i(c) = -12*c + 218. Determine i(19).
-10
Let z(y) = 19*y**3 + y**2 + y. What is z(-1)?
-19
Let j(p) = -p**2 + 8*p + 1. Determine j(10).
-19
Let f(y) = 5*y + 5. Determine f(-1).
0
Let r(u) = -u**3 + 6*u**2 + 23*u + 24. Give r(10).
-146
Let i(p) = p**3 + 10*p**2 + 8*p + 10. Calculate i(-9).
19
Let m(v) = -v**2 + 14*v + 487. Calculate m(-16).
7
Let i(o) = -o**3 + 29*o**2 + o - 29. Determine i(29).
0
Let m(t) = t**3 + 6*t**2 - 3*t + 6. Calculate m(-6).
24
Let s(k) = -8*k**3 + k + 1. Calculate s(-1).
8
Let g(p) = p**2 + 6. Give g(0).
6
Let y(j) = -4*j - 124. What is y(-28)?
-12
Let t(i) = i**3 + 19*i**2 + 18*i - 22. Give t(-18).
-22
Let h(f) = f**2 + f - 3. Determine h(0).
-3
Let x(h) = -7*h - 222. Calculate x(-32).
2
Let g(v) = -v + 1. Calculate g(-11).
12
Let s(l) = -2*l**2 - 5*l - 8. Give s(-3).
-11
Let d(c) = c**2 - 2*c. Calculate d(2).
0
Let d(y) = 5*y + 102. Determine d(-11).
47
Let f(w) = w**3 + w**2 - w - 5. What is f(-2)?
-7
Let i(h) = -h**2 - 13*h - 10. Give i(-2).
12
Let w(u) = -28*u**2. Determine w(1).
-28
Let g(r) = -6*r - 153. Determine g(-26).
3
Let r(g) = -g**3 - g**2 - 6*g - 9. What is r(-2)?
7
Let v(n) = -n**3 + 41*n**2 - 77*n - 37. Calculate v(39).
2
Let q(y) = y**3 - 8*y**2 - 64*y - 2. Calculate q(13).
11
Let i(c) = -11*c + 2. Determine i(2).
-20
Let c(o) = 3*o**3 + 76*o**2 + 24*o - 17. Give c(-25).
8
Let j(k) = -k**3 - 10*k**2 + 7*k - 40. What is j(-11)?
4
Let j(a) = a**3 + 31*a**2 + 57*a - 3. Calculate j(-29).
26
Let x(s) = 28*s + 3. Give x(1).
31
Let z(f) = f**3 - f**2 - 2*f - 3. Determine z(0).
-3
Let p(d) = 2*d - 10. Give p(3).
-4
Let q(a) = 15*a + 3. Determine q(-2).
-27
Let y(o) = 21*o - 113. Determine y(6).
13
Let l(x) = x**2 + 29*x - 95. What is l(-32)?
1
Let m(k) = -k**2 - 16*k + 44. Calculate m(-20).
-36
Let q(u) = 7*u + 21. What is q(-14)?
-77
Let v(q) = 10*q - 151. Determine v(15).
-1
Let v(a) = -7*a + 146. What is v(21)?
-1
Let m(s) = -s**2 - 14*s + 89. Determine m(-18).
17
Let l(z) = -z**3 + 23*z**2 + 25*z - 20. Determine l(24).
4
Let j(i) = -i**2 + 7*i - 9. Ca